t is the greatest common factor of d and u?
1
Let k = -28 - -30. Let u(h) = 2*h**3 - 2*h**2. Let q be u(k). What is the highest common divisor of q and 40?
8
Let z(j) = 3*j**2 + 18*j - 168. Let c be z(7). Calculate the highest common factor of c and 175.
35
Let f(g) = -g + 5. Let x be f(-10). Calculate the highest common factor of 9 and x.
3
Let p(f) be the third derivative of -f**4/4 - 22*f**3/3 - f**2. Let v be p(-17). What is the greatest common divisor of v and 174?
58
Let h = 228 + -186. What is the greatest common factor of h and 70?
14
Let p(m) be the first derivative of 4*m**2 + 2. Let l be p(1). Suppose -4*s + 348 = 2*d, -268 = -s - 2*s + 2*d. Calculate the greatest common factor of s and l.
8
Suppose 0 = -2*a + 4*a + 20. Let w be 1/(-3) - a/3. Suppose 8*n - w*n - 45 = 0. What is the greatest common divisor of 1 and n?
1
Suppose 20*t = 5*t + 450. What is the greatest common divisor of 390 and t?
30
Let m(q) = 3*q**2 - 2*q. Let n be m(4). Let h(c) = -6*c + 10. Let a be h(-15). Calculate the greatest common divisor of a and n.
20
Let c(o) = 149*o**2 + 2*o + 9. Let l be c(-3). What is the greatest common divisor of 12 and l?
12
Let m be 6 + -1 + 16 + -6. Calculate the greatest common factor of 120 and m.
15
Suppose 115*i + 20878 = 141*i. Calculate the greatest common factor of i and 44.
11
Suppose -7*m + 3*m - 92 = 0. Let r = m - -48. Suppose -l - 2*l + 4*o = -50, 5*o = -4*l + 15. What is the highest common divisor of r and l?
5
Suppose -4359 = -6*i + 3*i + 3*k, -3*i + 5*k + 4349 = 0. Calculate the highest common factor of i and 18.
18
Let p be ((-52)/6)/((-10)/75). Let n(y) = 7*y**2 - 2*y - 6. Let u be n(-2). What is the greatest common factor of p and u?
13
Let k(l) = 60*l + 4. Let t = 3 - 1. Let m be k(t). What is the greatest common factor of m and 31?
31
Suppose -2*n + 18 + 6 = 4*s, 12 = 4*s. What is the greatest common divisor of 6 and n?
6
Let t be (-2)/(1 - (-69)/(-63)). Let c = t + -3. Let k(l) = -l + 17. Let y be k(8). Calculate the highest common divisor of y and c.
9
Let b(q) = -q**3 + 6*q**2 - 6*q - 6. Let h = 14 + -10. Let x be b(h). Suppose x*p = 5*p - 30. What is the greatest common divisor of p and 30?
10
Let z = -29 + 21. Let c(o) = -5*o + 8. Let j be c(z). Suppose -2*d - 28 = -3*n, -4*n - 8 = -5*n + d. What is the greatest common divisor of j and n?
12
Suppose 0*w = -f - w + 5, -w + 9 = 5*f. Let t be (1 - 0/(-3)) + 7/f. What is the highest common divisor of t and 16?
8
Let i = 603 + -572. What is the greatest common divisor of i and 2?
1
Let l be 73/4 + 2/(-8). Suppose -10 = 3*h - 4*h. Suppose 0 = -t - 4*t + h. What is the highest common divisor of t and l?
2
Let m = 9 - 3. Let i(g) = -g**2 + 12*g + 931. Let x be i(37). Calculate the highest common divisor of x and m.
6
Let k(r) = 12*r - 17 - 10*r + 28*r - 3. Let z be k(9). Calculate the highest common divisor of z and 25.
25
Suppose 0 = 5*t - 4*w - 42, -29*w - 6 = -32*w. What is the highest common factor of 530 and t?
10
Let m = 5371 - 3079. Calculate the highest common divisor of 12 and m.
12
Let c(l) = -31*l - 3. Let i be c(-3). Let f(z) = -z**2 - 14*z - 22. Let v be f(-10). Calculate the highest common factor of v and i.
18
Let r = 345 - 245. What is the greatest common factor of 4 and r?
4
Let m(i) = -i**2 + 2*i + 5. Let g be m(0). Suppose -2*u - b = 55 - 337, g*u + 5*b = 695. What is the highest common factor of 13 and u?
13
Let d(h) = 3*h**3 - 30*h**2 + 13*h + 15. Let z be d(10). Calculate the greatest common factor of 261 and z.
29
Let d be 57/6 - 4/(-8). Suppose d*j - 6*j - 12 = 0. What is the highest common divisor of 3 and j?
3
Suppose x - 2*x + 16 = 0. Let k(r) = -r**3 - 2*r - 4. Let v be k(-4). Let f = 76 + v. What is the highest common divisor of x and f?
16
Suppose -a + 2*a - 12 = 0. Let x(z) = -z**3 + 20*z**2 + 54*z - 172. Let s be x(22). Calculate the greatest common divisor of s and a.
12
Let r(s) = -38*s + 240. Let n be r(5). Suppose -141 = -5*u + 74. Let h = u - 23. Calculate the highest common factor of h and n.
10
Let q(c) be the first derivative of -9 - 3*c + 8/3*c**3 - c**2. Let a be q(-3). What is the greatest common factor of a and 15?
15
Suppose 4*h - 2 + 2 = 0. Let k be 1 + -1 + h - (-25 - -2). What is the highest common divisor of 253 and k?
23
Let d be 10/45*219 - 1/(-3). Let j = 70 - d. Let f be 4/10 + 313/5. Calculate the greatest common divisor of j and f.
21
Let o(j) = j**3 + 16*j**2 - 5*j - 19. Let f be o(-16). Let g = -31 + f. Let m(r) = -21*r**3 + r. Let c be m(-1). What is the greatest common divisor of c and g?
10
Suppose 0*o = 3*o - 81. Suppose 0 = 4*j - 93 - o. What is the greatest common divisor of 10 and j?
10
Let c(i) = i**2 + 7*i + 30. Let v be c(-15). What is the greatest common factor of 60 and v?
30
Suppose -528 = -388*r + 386*r. Calculate the greatest common factor of 4 and r.
4
Let d(b) = 3*b**2 - 48*b - 303. Let z be d(-5). Let y = 20 - 4. What is the greatest common divisor of z and y?
4
Let s be (-24)/5*10/3. Let d = s - -18. Suppose -5 = -4*k - p + 6, 0 = -d*k + 3*p + 9. What is the highest common divisor of k and 2?
1
Suppose -2*b + 4*m + 12 = b, -3*b - m + 12 = 0. Let q be (b/(-3))/((-12)/(-18)). Let r be (1 - q) + 104/2. Calculate the greatest common factor of r and 5.
5
Suppose 0 = 3*g - 1 + 10. Let n be (-304)/(-10) - g - 3/(-5). Calculate the greatest common factor of 34 and n.
34
Let v = 22 - -203. Let y be 2 - 0/(-3) - -23. What is the highest common factor of y and v?
25
Let p be 5/(-75)*9 - (-328)/5. Let i be 0 + (1 - (-3 - 9)). Calculate the highest common divisor of p and i.
13
Suppose 61*j - 69*j + 104 = 0. What is the highest common factor of j and 52?
13
Let r(b) = -2*b + 65. Let i be r(16). Let m be (i/6)/(3 + 164/(-56)). What is the highest common divisor of 7 and m?
7
Let a be (-8)/12*-1*(-5 - -2). Let u = 44 + a. Calculate the highest common divisor of 14 and u.
14
Let j be (-168)/18*6*2/(-7). Suppose 432 = -0*b + 3*b. Calculate the highest common factor of b and j.
16
Let p be 4*(-4)/(-40) - (-13)/5. Suppose 5*t = y + 265, p*t - 177 = -3*y - 0*y. What is the highest common divisor of 36 and t?
18
Let j(b) = -17*b + 5. Let p be j(-5). Suppose -r = 2*r - p. Suppose l + 3*l = -y + r, -4*y = -3*l + 32. Calculate the greatest common divisor of 2 and l.
2
Let w = 793 - -662. Calculate the greatest common factor of 15 and w.
15
Let f(a) = -6*a + 13. Let i be f(0). Calculate the greatest common factor of 364 and i.
13
Let d = -59 - -63. Calculate the greatest common divisor of d and 36.
4
Suppose 14*g = 154 + 1008. What is the greatest common factor of 166 and g?
83
Let h(b) = b**3 - 6*b**2 - 7*b. Let m be h(7). Suppose m*k = -3*k + 18. Let y be ((-27)/4)/((-24)/64). What is the greatest common factor of y and k?
6
Let w(c) = -c. Let a be w(-4). Let f = -115 + 131. What is the greatest common factor of f and a?
4
Let x(g) be the first derivative of 2*g**3/3 - 7*g**2 + 4*g - 6. Let u be x(8). Suppose 0*o - 2*o + 120 = 0. What is the highest common divisor of o and u?
20
Let d(q) = -5*q - 5. Let x be d(-5). Suppose 0 = -3*n + 3*f + 258, 3*n + 3*f - 410 = -128. What is the greatest common factor of n and x?
10
Let c be 4*(150/8 - 5). Let o(g) = -g**2 + 8*g - 5. Let b(r) = -2*r - 6. Let v be b(-5). Let l be o(v). Calculate the greatest common factor of c and l.
11
Let h = -1550 + 1760. Calculate the greatest common factor of 12 and h.
6
Suppose -4*p - 13 + 93 = 0. Let a be (-40)/2*(6 + -10). Calculate the greatest common divisor of a and p.
20
Let u(i) = -i**3 + 7*i**2 + 9*i - 8. Let b be u(8). Suppose 3*x - 16 = 7*x, b = -3*s + 5*x + 32. What is the highest common factor of 1 and s?
1
Let f be 2/(-4) - (-327)/(-6). Suppose -6*a - a + 154 = 0. Let h be 4/a + (-430)/f. What is the highest common divisor of 16 and h?
8
Let a be ((2*-16)/(-2))/1. Suppose -3*u + 228 = 3*z, 3*u + 18*z - 224 = 14*z. Calculate the highest common factor of a and u.
16
Suppose -24 = -l - 0. Let d = 154 - -266. Suppose 0 = -z + 8*z - d. What is the highest common factor of l and z?
12
Let b = -73 - -77. What is the highest common divisor of b and 44?
4
Let i be (-122 + 14)/((-6)/4). Calculate the greatest common divisor of i and 9.
9
Suppose -66 = -8*c + 14. Suppose 2*y = -3*h + 7, 0 = h - 3 + 2. Suppose 0 = -y*u + c + 54. What i